2 a factor of 1047855540?
True
Does 1432 divide 6939154?
False
Is 21463476 a multiple of 304?
False
Does 392 divide 292242272?
True
Does 13 divide 2102183294?
False
Does 56 divide 56309288?
True
Is 2066 a factor of 252733780?
True
Is 2598840182 a multiple of 11?
False
Does 10 divide 63232044?
False
Is 1314890910 a multiple of 1035?
True
Is 29729840 a multiple of 140?
True
Is 7819097 a multiple of 759?
False
Does 17 divide 657816983?
False
Is 154 a factor of 491250452?
True
Does 2512 divide 430514096?
True
Is 15 a factor of 371924025?
True
Does 5 divide 5629023?
False
Is 7334418 a multiple of 6?
True
Is 61305120 a multiple of 864?
True
Is 27 a factor of 10297314?
True
Does 161 divide 1497004404?
True
Is 31 a factor of 4469419296?
True
Is 109674201 a multiple of 87?
True
Does 3360 divide 21303904?
False
Is 60 a factor of 435621427?
False
Does 3 divide 37775704?
False
Is 36084969 a multiple of 1341?
True
Is 186 a factor of 696034506?
True
Is 23040950 a multiple of 425?
True
Does 12 divide 17881802?
False
Does 158 divide 137005118?
True
Is 229 a factor of 8718488?
True
Does 5 divide 218571412?
False
Does 1414 divide 1350946912?
True
Is 92825483 a multiple of 100?
False
Does 540 divide 1728917492?
False
Is 19690763 a multiple of 25?
False
Does 123 divide 2313377112?
True
Does 10966 divide 2776424363?
False
Is 1763951700 a multiple of 105?
True
Is 2581 a factor of 270728169?
False
Does 25 divide 917114425?
True
Does 36 divide 36379174?
False
Is 1535547498 a multiple of 123?
True
Does 601 divide 9672766?
False
Is 37 a factor of 335822841?
True
Does 49 divide 523786508?
False
Is 9845 a factor of 747639145?
True
Is 5279 a factor of 564557376?
True
Does 274 divide 380786568?
True
Does 33 divide 118769399?
False
Does 48 divide 22784771?
False
Does 1012 divide 193950812?
True
Is 338116287 a multiple of 181?
False
Does 114 divide 646312512?
True
Does 107 divide 536243661?
True
Is 37 a factor of 15167854?
True
Does 10 divide 4988940?
True
Is 2700242603 a multiple of 704?
False
Is 418 a factor of 663081342?
True
Is 436120 a multiple of 40?
True
Does 419 divide 1158703597?
False
Is 235 a factor of 37299803?
False
Is 48947550 a multiple of 1074?
True
Does 2335 divide 4161518725?
True
Is 121811644 a multiple of 9?
False
Is 2288912087 a multiple of 77?
True
Does 10 divide 34488200?
True
Is 6961332 a multiple of 12?
True
Is 5724000 a multiple of 72?
True
Does 5 divide 4981643?
False
Is 1936110075 a multiple of 1475?
True
Is 16 a factor of 311270672?
True
Does 5 divide 421244965?
True
Is 363605866 a multiple of 13?
True
Is 23 a factor of 146138713?
False
Does 57 divide 2402892?
True
Is 9 a factor of 1581723?
True
Is 17 a factor of 87462889?
False
Does 3 divide 16964386?
False
Does 9301 divide 514773146?
True
Is 52876824 a multiple of 28?
True
Does 5 divide 318023225?
True
Is 2349 a factor of 717550310?
False
Is 208 a factor of 3932257?
False
Is 28 a factor of 14242009?
False
Does 825 divide 25524675?
True
Is 4811260 a multiple of 2?
True
Is 283596434 a multiple of 1538?
True
Does 13 divide 93516462?
True
Is 6894899215 a multiple of 635?
True
Is 29 a factor of 1011143?
True
Is 837639054 a multiple of 1422?
True
Is 2342 a factor of 417840577?
False
Is 9 a factor of 1013236168?
False
Does 118 divide 60248849?
False
Does 61 divide 8333894?
False
Is 36 a factor of 8422920?
True
Is 1079 a factor of 25838346?
False
Is 4 a factor of 21772984?
True
Is 400 a factor of 31762233?
False
Is 11 a factor of 34902593?
True
Is 228 a factor of 495289416?
True
Does 314 divide 531377804?
True
Is 2317 a factor of 296492588?
True
Is 18 a factor of 75678213?
False
Does 685 divide 329192710?
False
Is 99 a factor of 194602834?
False
Is 44580336 a multiple of 2?
True
Does 268 divide 1825348?
True
Is 1956 a factor of 98369196?
True
Is 3378 a factor of 354230592?
True
Does 5 divide 596805?
True
Is 726743314 a multiple of 53?
True
Is 230699117 a multiple of 11?
True
Does 112 divide 395912755?
False
Is 19 a factor of 2625534?
True
Is 708224220 a multiple of 198?
True
Does 328 divide 209181963?
False
Is 2550 a factor of 1152472916?
False
Is 267262509 a multiple of 1237?
True
Is 883 a factor of 877298469?
True
Does 2403 divide 128649411?
True
Does 663 divide 24989308?
False
Does 3027 divide 10564230?
True
Does 68 divide 120752768?
True
Is 1245 a factor of 174021120?
True
Does 3 divide 20134618?
False
Is 17906062 a multiple of 25?
False
Is 3695 a factor of 399421053?
False
Does 13 divide 69439569?
False
Does 64 divide 234279063?
False
Is 37756628 a multiple of 12?
False
Is 2563133856 a multiple of 914?
True
Is 335066922 a multiple of 54?
True
Does 75 divide 1312785300?
True
Is 5 a factor of 1326920535?
True
Is 45311341 a multiple of 421?
False
Does 964 divide 158097805?
False
Is 39931448 a multiple of 177?
False
Does 48 divide 138057552?
True
Is 465792 a multiple of 4?
True
Does 26 divide 74064864?
False
Does 1297 divide 17957920?
False
Is 41046835 a multiple of 395?
False
Is 579 a factor of 576105579?
True
Is 18 a factor of 202105260?
True
Is 1385 a factor of 44512515?
True
Does 408 divide 1435173048?
True
Is 2245 a factor of 1759691615?
True
Is 191238368 a multiple of 1528?
True
Is 33719972 a multiple of 44?
True
Does 102 divide 982924734?
True
Is 6 a factor of 48326412?
True
Does 3145 divide 199120292?
False
Does 215 divide 12269257?
False
Is 172 a factor of 502753665?
False
Is 101 a factor of 702418842?
True
Does 118 divide 419724?
False
Does 41 divide 3314358?
True
Is 611070629 a multiple of 13?
True
Does 458 divide 561113917?
False
Does 559 divide 126185565?
False
Is 64 a factor of 18688896?
True
Is 600 a factor of 25042200?
True
Is 720 a factor of 237942000?
True
Does 539 divide 393297209?
False
Does 128 divide 4938619648?
True
Does 881 divide 240502660?
False
Is 208 a factor of 749815963?
False
Is 21299405 a multiple of 40?
False
Is 9529 a factor of 288728700?
True
Is 103326255 a multiple of 79?
False
Does 784 divide 16438128?
True
Is 14884740 a multiple of 156?
True
Does 1795 divide 134660900?
True
Is 694880592 a multiple of 1834?
True
Does 44 divide 20787650?
False
Does 10 divide 149061756?
False
Does 26 divide 553735078?
True
Does 1709 divide 371140266?
False
Does 273 divide 72639840?
True
Does 21 divide 7973474?
False
Is 44711956 a multiple of 104?
False
Is 600865122 a multiple of 858?
True
Is 630 a factor of 2167085340?
True
Is 447 a factor of 33562101?
True
Is 2048 a factor of 1314564096?
True
Is 8313 a factor of 629419911?
False
Is 296 a factor of 2078289044?
False
Is 34303675 a multiple of 12?
False
Is 2889 a factor of 46013277?
False
Is 164181518 a multiple of 278?
True
Does 13 divide 2194231?
True
Does 162 divide 1197383582?
False
Does 1804 divide 2419900624?
False
Is 17928540 a multiple of 372?
True
Does 258 divide 75490284?
True
Is 33843188 a multiple of 1965?
False
Is 4 a factor of 106263779?
False
Is 1308268798 a multiple of 290?
False
Does 1058 divide 4501233425?
False
Is 1394 a factor of 237792702?
True
Is 1953 a factor of 302943501?
True
Is 580 a factor of 22197180?
True
Is 7773650 a multiple of 5?
True
Is 1098 a factor of 768078450?
True
Is 7298146 a multiple of 105?
False
Does 6850 divide 653257447?
False
Is 2539473177 a multiple of 11?
False
Is 1930 a factor of 29505840?
True
Is 114 a factor of 1022694?
True
Is 748712132 a multiple of 14?
True
Does 494 divide 19359860?
True
Is 170994084 a multiple of 5381?
False
Does 95 divide 40469339?
False
Is 3313498787 a multiple of 15?
False
Is 68 a factor of 608140932?
True
Is 9 a factor of 774194490?
True
Is 11905542 a multiple of 459?
True
Is 18 a factor of 1224998?
False
Does 16 divide 207899616?
True
Does 43 divide 15663629?
False
Is 98194278 a multiple of 273?
True
Is 76 a factor of 8951544?
False
Is 36538740 a multiple of 6?
True
Is 16 a factor of 4636829?
False
Is 569201355 a multiple of 69?
True
Does 3 divide 21811174?
False
Is 700894839 a multiple of 10?
False
Is 119033089 a multiple of 3203?
True
Is 163 a factor of 444121210?
True
Is 1689 a factor of 102477185?
False
Does 158 divide 101510102?
True
Does 908 divide 136725732?
True
Does 129 divide 626235062?
False
Does 82 divide 46614450?
False
Does 13 divide 910250856?
False
Is 165921088 a multiple of 136?
True
Is 67 a factor of 22886286?
False
Does 367 divide 740749